r = g + 18. What is the tens digit of r?
1
Let f(y) = -3*y - 6*y**2 + 8*y**2 + 1 - 1. What is the tens digit of f(-3)?
2
Suppose -2*u + 6 = -0*u. Suppose -138 = -4*b - s - 2*s, 5*b + u*s - 174 = 0. Let n = b + -16. What is the tens digit of n?
2
Let s(y) be the first derivative of -y**4/4 - y**3/3 + 3*y**2/2 + 33*y + 16. What is the tens digit of s(0)?
3
Let a = 215 - 190. What is the tens digit of a?
2
Suppose 0 = -2*k - 2*k + 24. Let o(s) = 13*s + 33. Let d be o(-2). Let n = k + d. What is the units digit of n?
3
Let q(w) = w**2 + 14*w + 24. Let v be q(-11). What is the units digit of (-114)/v*12 + 1/(-1)?
1
Suppose -2*l - 3*r + 20 = r, -3*l + 5*r - 3 = 0. Suppose -2*f + 0 = -8. Suppose -12 = -5*x - l*g, f*g - 20 = -4*x + 6*g. What is the units digit of x?
4
Let x = 113 - 66. Let y = x + -5. What is the units digit of y?
2
Let p(g) be the third derivative of g**2 + 7/120*g**6 + 0 - 5/24*g**4 + 1/30*g**5 + 5/6*g**3 + 0*g. What is the tens digit of p(2)?
5
Let z(u) = 14*u - 79. Let l be z(14). Suppose 2*q - l = 3*t + 146, -q + 126 = 4*t. What is the tens digit of q?
3
Suppose 2*w + 1500 + 3025 = 3*d, d + w = 1505. What is the tens digit of d?
0
Suppose 223 = -4*b + 5*i + 1776, 0 = -4*b - i + 1523. What is the hundreds digit of b?
3
Suppose -1001 = -o + 130. What is the tens digit of o?
3
Suppose 0*v - 125 = v. Let l = -27 - v. Suppose -5*k - 4*g = -2*k - 137, l = 2*k + 4*g. What is the tens digit of k?
3
Let r(i) = 2*i**2 + 13*i + 4. Let m be r(-7). Let a = -20 + m. Let z = 23 + a. What is the tens digit of z?
1
Suppose 0 = -q - 128 + 730. What is the units digit of q?
2
Let a = -91 - 104. Let u be (-8)/(-6)*a/(-10). What is the tens digit of u + 2 + (-3 - 0)?
2
Let c = 9 - -1423. What is the units digit of c?
2
Suppose -733 = -120*f + 117*f - o, 2*o = -4*f + 974. What is the hundreds digit of f?
2
Suppose 0 = -11*k + 21648 - 3883. What is the hundreds digit of k?
6
Let d be 3 - (-8*2 - -2). Let s(v) = -3*v**2 - d + 2*v**2 + 15*v + 15. What is the units digit of s(6)?
2
Let k = 123 + -72. Suppose -7*c - 341 = 4*c. Let l = c + k. What is the units digit of l?
0
Let z(b) = b + 17. Let w(k) = -4*k - 69. Let r be (-4)/((-8)/(-4)*-1). Let a(o) = r*w(o) + 9*z(o). What is the tens digit of a(13)?
2
Let v = -1 - 16. Let h = v + 21. What is the units digit of (-2926)/(-121) + h/(-22)?
4
What is the tens digit of 30/(-5) + (-22192)/(-8)?
6
Suppose 0 = -8*h + 3*h + 20. Let a(v) = 13*v + 13. Let l be a(2). Suppose h*d - 5*f = l, -3*d - 6 = f - 59. What is the units digit of d?
6
Suppose -j - 2*m + 1207 = 0, 2*m - 3 + 1 = 0. What is the hundreds digit of j?
2
Suppose -9 = 3*l - 48. Suppose 2*n - l = 5*m, 2*n - 11 = -2*n + 5*m. What is the units digit of n/2 + (-9)/(-2)?
4
Suppose 0 = 4*p - 4*g - 392, 4*p - 2*p - 224 = -5*g. Let y be (-1 - 1)*p/(-4). Suppose 5*f - 19 = 2*r + 73, -y = -3*f - 3*r. What is the tens digit of f?
1
Let o = -323 - -228. Suppose 300 = -3*q + q. Let g = o - q. What is the tens digit of g?
5
Let i be (0 + 0 - 1)/(-1). Suppose -120 = -11*w + 5*w. Suppose -w + i = -v. What is the tens digit of v?
1
Suppose -3*w = -52 + 16. Let y be 2*(-2)/w*-6. Suppose y*l = 2*a - 4*a + 14, 5*l - 2*a = 0. What is the units digit of l?
2
Suppose 0 = -604*t + 603*t + 413. What is the hundreds digit of t?
4
What is the tens digit of ((-458)/(-687))/(((-8)/(-11958))/2)?
9
Suppose 15*c = -80*c + 226005. What is the tens digit of c?
7
Suppose 0*d + 2*d - 30 = 0. Let b = -11 + d. What is the units digit of (-1)/(1*(-2)/b)?
2
Suppose 15497 = 4*d - v, -15*v + 6 = -13*v. What is the units digit of d?
5
Suppose 5*m - 8 = 2. Let v be ((-7)/21)/(m/(-18)). Suppose -v*x - 12 = 0, -55 = -3*h - 3*x - 2*x. What is the tens digit of h?
2
Let m(k) = -51*k - 3. Let v(d) = d - 3. Let q be v(1). Let r be m(q). Let i = -62 + r. What is the units digit of i?
7
Let x = 706 - 73. What is the hundreds digit of x?
6
Let v = 370 - 208. Suppose 0*q - v = -q. What is the units digit of q?
2
Let t = 1723 - 1002. What is the hundreds digit of t?
7
Suppose -2*d - 4*i = -d - 16, -d + 2*i = 8. Suppose 5*f + d = 15. Suppose 0 = 3*k - f*j - 58 - 23, 5*j = -5. What is the tens digit of k?
2
Suppose 2*i = a + 2 - 8, 4*i + 2 = -3*a. Suppose a*g - 7*g = -760. What is the units digit of g?
2
Suppose 0*q = 4*x + 2*q + 374, 3*x - 4*q = -275. Let o = x + 147. What is the units digit of o?
4
Let f(p) = 25*p + 4081. What is the units digit of f(0)?
1
Suppose -17*y = -11*y - 12. What is the units digit of ((-147)/3)/(-1 + (y - 2))?
9
Let h = 5 + -7. Let n = h + 38. What is the units digit of n?
6
What is the units digit of (-4)/(-22) - 120528/(-1023)?
8
Suppose 0 = 3*b - 2028 + 573. Suppose -5*x + b = 180. Let o = x - 42. What is the units digit of o?
9
What is the units digit of 4/6*-28*-147?
4
Let c = 86 - 76. Suppose -c*x = -9*x - 20. What is the units digit of x?
0
Suppose 50*k + 5346 = 52*k. What is the thousands digit of k?
2
Let y(u) = 20*u**2 + 4*u + 5. Let x be y(-2). Let r = x + 61. What is the tens digit of r?
3
Let q be -2*1*22/(-11). Suppose 4*j + q*s - 8 = 0, -3*j = j - 3*s - 15. Let n = j + 3. What is the units digit of n?
6
Suppose -11*f + 10*f + 405 = 0. What is the tens digit of 9/(f/10) + 1024/9?
1
What is the thousands digit of (-5 - 4995)/(-4) + 2 + -4?
1
Suppose -5*v = 4*v - 27. Suppose -o + 2 = -0*o. Suppose 5*p + o = -v, -2*p = 3*a - 112. What is the tens digit of a?
3
Suppose 5*i = 1 + 4. Suppose 0 = -4*d + 13 - 109. Let o = i - d. What is the tens digit of o?
2
Let y(s) = -s**3 + 3*s**2 + 2*s + 4. Let v be y(4). Let t = v + 15. What is the units digit of t?
1
Let v = -12 - -16. Let a(y) = 10*y**2 - 6*y - 1. What is the tens digit of a(v)?
3
Suppose -g + 2*l - l = -766, 5*g + 3*l - 3814 = 0. What is the units digit of g?
4
Suppose -12*m + 7*m - 10 = 0, 3*m + 668 = g. What is the hundreds digit of g?
6
Let w(k) = -k**2 + 17*k + 9. Let p(g) = g**2 - 17*g - 9. Let l(n) = -3*p(n) - 4*w(n). What is the units digit of l(19)?
9
Let i = -10 + 11. Let q = 44 - 48. What is the units digit of 2 - -25 - i - q?
0
Suppose v + 2*v - 114 = 0. Let m(t) = t**2 + 5*t + 4. Let k be m(-4). Suppose k = -5*z + 32 + v. What is the units digit of z?
4
Suppose 4*v + 6 = -2*t, 3*v - 5 = -5*t + 15. Let n = t + 26. Let o = n - 9. What is the tens digit of o?
2
Suppose 1639 = 5*j + 369. What is the tens digit of j?
5
Suppose -g = -2*k - 2*k, 2*k - 2*g - 6 = 0. Let q be k + 0/4 - -48. Let y = q + -21. What is the units digit of y?
6
Let t(x) = x**2 - 14*x. Let r be t(10). Let w = -35 - r. What is the units digit of w?
5
Let i = -7 + 12. Let o(u) = 21*u + 7. Let z be o(i). Suppose 0 = 4*g + 4*t - z, 5*g - 5*t + 2*t = 132. What is the tens digit of g?
2
Suppose -540 = -2*a - 4*a. Suppose 0 = 5*w - 8*w + a. What is the units digit of w?
0
Suppose g = 59 - 69. What is the units digit of 14/(-35) + (-1474)/g?
7
Suppose t = -5*c + 16, c - 3*c = -3*t + 31. Suppose -972 = t*i - 15*i. What is the units digit of i?
3
Suppose 0 = -11*z + 1606 + 11242. What is the hundreds digit of z?
1
Let p(g) = -g**3 - 7*g**2 + 2*g + 17. Let t be p(-6). Let l = t - -36. Suppose 5*n - 5*z - 205 = 0, 2*n - 3*z - 62 = -l*z. What is the tens digit of n?
3
Let i = 14 + 7. Let h be (-7)/i - (-7)/3. Suppose h*q + 3*q - 120 = 0. What is the units digit of q?
4
Let h = -668 + 1176. What is the hundreds digit of h?
5
What is the tens digit of -5*7/(210/18) - -2021?
1
Let g(m) = -20*m + 1. Let c be g(-2). Suppose -45*f + 140 = -c*f. What is the tens digit of f?
3
Suppose 1827 = 2*u - s, 23*s = -2*u + 20*s + 1815. What is the tens digit of u?
1
Let s = -771 - -1228. What is the units digit of s?
7
Let y = 12 + 17. Let a = -12 + y. What is the tens digit of a?
1
Suppose 25 = -8*y + 3*y + 5*o, -5 = -3*y - o. What is the units digit of -1*(y - 128) + -4 + 4?
8
Let a = -43 + 49. Suppose a*b = 387 + 69. What is the tens digit of b?
7
Let h = -166 + 833. What is the units digit of h?
7
Suppose 2084 = -614*t + 615*t. What is the hundreds digit of t?
0
Suppose -4*l + 52 = -0. Let j(c) be the third derivative of c**4/24 + c**3/2 + 11*c**2. What is the units digit of j(l)?
6
Let r(n) = n**3 - 5*n**2 + 6*n - 8. Let w be r(4). Let u(f) = f**3 - f**2 + 57. What is the units digit of u(w)?
7
Let w = 13574 + -9137. What is the hundreds digit of w?
4
Supp